t d = -268 - -173. Let c be (-38)/d - (-48)/5. Calculate the greatest common factor of c and 2.
2
Let g = 2054 - 1459. What is the highest common divisor of g and 105?
35
Let l be (-2205)/(-70) - 45/10. Let o be (6/(-4))/(2/(-12)). Calculate the greatest common divisor of o and l.
9
Let x = -14 + 27. Let u be (-74)/(-3) - x/(-39). Let h = u + -7. What is the greatest common factor of h and 45?
9
Suppose -8*b = 4*y - 9*b - 225, -4 = 4*b. Calculate the highest common factor of 42 and y.
14
Let y be ((-18)/8)/(1/(-4)). Suppose o - 21 = -0*o. Suppose s + l = y, 2*s = -2*l + 3*l + o. What is the greatest common divisor of s and 10?
10
Suppose 3*m = 197 - 164. Calculate the greatest common factor of m and 352.
11
Let a(i) = -983 - 5*i - 4*i**2 + 490 - i**3 + 488. Suppose 4*k - f = 13 - 31, -5*f = 3*k + 2. Let x be a(k). What is the greatest common factor of 60 and x?
15
Suppose -4*q - 2*w = -140, -3 = -3*w + 9. Let v = 5 + -2. What is the highest common factor of v and q?
3
Suppose -4*a + 3*j = -93, 3*a - 3*j - 2 = 67. Calculate the greatest common factor of a and 108.
12
Suppose 3*c + 255 - 282 = 0. Let k be ((-2)/6)/(3/(-117)). Let g = k - c. What is the greatest common factor of g and 6?
2
Let p(s) = 6*s + 2. Let u be p(6). Let t = -38 + u. Suppose x - 4*j - 18 = t, 0 = x + j - 2 + 4. Calculate the highest common factor of 10 and x.
2
Let s(j) = 200*j**2 + j + 1. Let o be s(-1). Let f be 19 + 5 - (-1 - 0). What is the greatest common divisor of o and f?
25
Let q(v) = 2*v**2 + 15*v + 106. Let z be q(-7). Suppose -k - 4*h = -41, 4*h - 10 + 134 = 4*k. Calculate the greatest common factor of z and k.
33
Suppose -7 + 4 = -d. Suppose g - d*u - 28 = 0, 4*g - 99 = -0*u - u. What is the greatest common divisor of g and 5?
5
Let f(p) = p**3 + 9*p**2 - 11*p - 6. Let b be f(-10). Let o = 5 - b. Let h be 264/2*(0 + o). What is the highest common factor of 12 and h?
12
Let a = -6 - -13. Suppose -a*q = -q - 90. Let p be (-1 - -3) + 146/2. Calculate the greatest common divisor of q and p.
15
Let p = 24 - 12. Let m be 0/(-2) - -68*18/p. Calculate the highest common divisor of 34 and m.
34
Suppose -5*u + 2*d - 5 + 146 = 0, -3*u - 4*d + 69 = 0. Calculate the highest common divisor of 45 and u.
9
Let k(g) = 7*g**3 - 4*g**2 + g + 6. Let a be k(3). Calculate the greatest common divisor of 54 and a.
54
Suppose -z = -s - 75, 4*z - 191 - 108 = 5*s. Let x be z/(-6)*((-25)/(-10) - 4). What is the highest common factor of 19 and x?
19
Let i = -33 - -37. Suppose -2*l + i*h + 64 = 0, 3*l - 4*h = 5*l - 24. What is the greatest common divisor of l and 88?
22
Let i(o) be the second derivative of 3*o + 0 + 1/6*o**4 - 1/6*o**3 + 167/20*o**5 + 0*o**2. Let z be i(1). Calculate the highest common factor of z and 24.
24
Let l be ((-196)/6)/(-3*4/18). Calculate the highest common divisor of l and 147.
49
Suppose 5*z - 5*z = -3*z. Suppose -3*f = -z*f - 30. Calculate the greatest common divisor of f and 60.
10
Let b = 382 - 328. Calculate the highest common factor of 675 and b.
27
Suppose -5*k + 109 = -4*k. Let z = 125 - k. Let l = -13 - -109. What is the highest common factor of l and z?
16
Let z = -12 - -26. Suppose -3*r = -2*d, 2 - z = -4*d + 3*r. Calculate the highest common factor of d and 15.
3
Let f be (-1 - 0)*(-29 - -18). Calculate the greatest common factor of 209 and f.
11
Let c be 103 + -5 + (-1 - -3). Calculate the greatest common factor of 20 and c.
20
Let g = -81 + 83. Suppose g*x - 27 - 11 = 0. Calculate the greatest common divisor of 171 and x.
19
Suppose -13*k + 8*k = -120. Suppose -2*f + 7 = 3, q + 5*f = k. What is the greatest common divisor of q and 14?
14
Suppose i + 4*u = 202, 11*i + 5*u = 16*i - 985. What is the highest common divisor of 18 and i?
18
Let a = -1304 + 2661. Calculate the highest common divisor of a and 118.
59
Suppose -289*o + 280*o + 342 = 0. Calculate the highest common factor of o and 18.
2
Suppose -32*o - 123 = -167 - 212. Let z(t) = t**2 + 2*t + 1. Let m be z(-5). Calculate the highest common factor of m and o.
8
Suppose -8*l + 3316 = -468. What is the greatest common factor of 86 and l?
43
Let q be (-32)/24 + -3*(-4)/(-18). Let i be q/(-10) + (-78)/(-10). What is the greatest common factor of 16 and i?
8
Let u = -2 + 5. Suppose 3*y - 11 - 1 = 0. Let l be (-54)/(-4) - (-6)/y. Calculate the greatest common factor of u and l.
3
Let g(t) = -9*t + 306. Let l be g(33). Calculate the highest common divisor of 18 and l.
9
Suppose -141 - 13 = -11*m. What is the greatest common divisor of m and 35?
7
Let b(d) = -d**3 - 9*d**2 + 8*d - 8. Let x be b(-10). Suppose -5*q + 58 = -0*q - 2*n, n = 2*q - 23. Calculate the highest common divisor of q and x.
12
Suppose -4*t + 8 = -4*j, -3*t - 2*j - 2*j - 15 = 0. Let a be (-796)/(-16) - t*2/8. Calculate the greatest common divisor of a and 10.
10
Let o(h) be the third derivative of 1/12*h**4 + 10*h**2 + 0 + 0*h + 5/3*h**3. Let r be o(7). Calculate the greatest common divisor of 60 and r.
12
Suppose -1177 = -4*o - p, 0 = 2*p - p + 3. Suppose 5*z - o = 205. Let n be (10/(-15))/((-2)/30). Calculate the highest common factor of n and z.
10
Let g be ((-100)/15)/(-1)*3. Suppose 0 = -l + 3*l - 304. Suppose 5*o - l = -2*s, 0*s + 117 = 4*o - 3*s. What is the highest common divisor of g and o?
10
Let m(y) = 1 + 5 + y**3 + 12*y + 4*y**2 + 7*y**2. Let u be m(-9). Suppose u + 0 = 5*w. What is the greatest common factor of 132 and w?
12
Suppose -i - 149 = -a - 5*i, 3*i = 6. Suppose -3*v = -39 - a. Suppose -q = y - v, -4*y + 198 = -y - 3*q. Calculate the greatest common factor of y and 9.
9
Let g be 15 - ((-13 - -4)/(-18))/((-1)/12). Suppose 0 = c - 2*c + 14. What is the highest common factor of c and g?
7
Let d(o) = -30*o - 282. Let a be d(-10). What is the highest common divisor of a and 153?
9
Let n = 979 - -854. Calculate the greatest common divisor of 39 and n.
39
Suppose -3*x + 745 = c, 6*c - 7*c + 1241 = 5*x. What is the greatest common factor of 8 and x?
8
Suppose -3*k + 4*k = 2*r + 55, 2*r = 5*k - 35. Let w be 61*1 - (-27 - -31). Let g = w + r. What is the greatest common factor of 9 and g?
9
Let t(r) = r**3 + 15*r**2 - 14*r + 35. Let m be t(-16). Suppose m*q + 54 = 5*q. Calculate the greatest common factor of q and 3.
3
Let z(i) = 5*i + 58. Let v be z(-11). Suppose -v*t = 5*o - 28 - 144, -3*t = -2*o + 73. What is the highest common divisor of o and 175?
35
Suppose -4*r - 14*r + 2376 = 0. What is the highest common factor of r and 24?
12
Let c be 3/((-18)/4)*-3. Suppose 4*v + 2*f = 8, -4*v - 2*f = -c*v - 4. Calculate the greatest common factor of v and 2.
2
Let s be (0 - 1)/(((-66)/1440)/11). What is the greatest common factor of 40 and s?
40
Suppose -22*q - 12*q + 2414 = 0. Calculate the highest common factor of 781 and q.
71
Let w be (-135)/(-21) - (-28)/49. Let o(n) = n**3 - 7*n**2 + 4*n - 15. Let u be o(w). What is the greatest common factor of 143 and u?
13
Let y(j) = 2*j - 3. Let k be y(3). Suppose 17*i - 32 = 12*i + 2*t, -17 = -3*i - t. Calculate the greatest common factor of k and i.
3
Let o(w) = w**2 + 7*w - 5. Let n be o(-8). Suppose t - 16 = 4*y, 5*t - n*t - 5*y - 23 = 0. Calculate the greatest common factor of t and 12.
4
Let b = 67 + -112. Let x = 70 + b. What is the highest common divisor of x and 5?
5
Let x = 199 + -186. What is the highest common divisor of 117 and x?
13
Let p(z) = -5*z**2 - 5*z**2 - 2 - z**2 - 10*z + 12*z**2. Let g be p(11). Calculate the greatest common divisor of 3 and g.
3
Let q be 24 + 0 + 3 + -3. Let o be (-6)/q + (-1619)/4. Let a be (-4)/10*o/3. What is the greatest common divisor of a and 36?
18
Suppose -4*o = -5*r - 694, 2*o = -0*o + 3*r + 348. Calculate the highest common factor of 19 and o.
19
Let z = 1401 + -1341. Calculate the greatest common factor of z and 500.
20
Let y be (1/(-4))/((-2*1)/40). Suppose 196 = y*v - 0*g - 2*g, -v + 48 = 4*g. Calculate the highest common factor of v and 16.
8
Let x(h) = 81*h**2 - 6*h - 6. Let j be x(-2). Suppose -114 = 4*q - j. Calculate the highest common factor of 27 and q.
27
Let o(d) = d**3 + 13*d**2 + 8*d + 19. Let p be o(-13). Let j be 1/2*(-13 - p). What is the highest common factor of j and 54?
18
Let l = 67 - 63. Suppose -103 = -t + l*a, -a + 348 = 2*t + t. Calculate the highest common divisor of 46 and t.
23
Suppose 0 = 2*s + 4*w